{"id":2,"date":"2014-12-17T09:13:49","date_gmt":"2014-12-17T09:13:49","guid":{"rendered":"http:\/\/blog.jena.de\/strassenbaubeitraege\/?page_id=2"},"modified":"2019-01-10T08:58:49","modified_gmt":"2019-01-10T07:58:49","slug":"beispiel-seite","status":"publish","type":"page","link":"https:\/\/blog.jena.de\/strassenbaubeitraege\/beispiel-seite\/","title":{"rendered":"Aktuelle Umlagen"},"content":{"rendered":"<p>Hier finden Sie eine \u00dcbersicht der aktuell in der Abteilung Beitr\u00e4ge des Kommunalservice Jena bearbeiteten Umlagen sowie der Absichtsbeschl\u00fcsse und Infoschreiben. Hierzu k\u00f6nnen sie bei den entsprechenden Sachbearbeitern und Sachbearbeiterinnen Nachfragen stellen.<\/p>\n<p><a href=\"http:\/\/blog.jena.de\/strassenbaubeitraege\/wp-content\/uploads\/sites\/11\/2014\/12\/PDF-KAJ-Logo-gross.jpg\"><img loading=\"lazy\" decoding=\"async\" class=\"alignleft wp-image-100 size-full\" src=\"http:\/\/blog.jena.de\/strassenbaubeitraege\/wp-content\/uploads\/sites\/11\/2014\/12\/PDF-KAJ-Logo-gross.jpg\" alt=\"PDF KAJ Logo gross\" width=\"200\" height=\"241\" \/><\/a><a href=\"https:\/\/blog.jena.de\/strassenbaubeitraege\/wp-content\/uploads\/sites\/11\/2019\/01\/strassenbaubeitraege-beispiel-seite-beitragserhebung-jena-die-geplanten-projekte-stand-10.-januar-2019.pdf\">BEITRAGSERHEBUNG IN JENA &#8211; Die geplanten Projekte der Abteilung Beitr\u00e4ge &#8211; Stand 10. Januar 2019<\/a><\/p>\n<p>(Eine Aktualisierung durch die Abteilung Beitr\u00e4ge erfolgt in der Regelalle zwei Monate)<\/p>\n","protected":false},"excerpt":{"rendered":"<p>Hier finden Sie eine \u00dcbersicht der aktuell in der Abteilung Beitr\u00e4ge des Kommunalservice Jena bearbeiteten Umlagen sowie der Absichtsbeschl\u00fcsse und Infoschreiben. Hierzu k\u00f6nnen&hellip;<\/p>\n","protected":false},"author":12,"featured_media":2260,"parent":0,"menu_order":2,"comment_status":"open","ping_status":"open","template":"","meta":{"footnotes":""},"class_list":["post-2","page","type-page","status-publish","has-post-thumbnail","hentry"],"_links":{"self":[{"href":"https:\/\/blog.jena.de\/strassenbaubeitraege\/wp-json\/wp\/v2\/pages\/2","targetHints":{"allow":["GET"]}}],"collection":[{"href":"https:\/\/blog.jena.de\/strassenbaubeitraege\/wp-json\/wp\/v2\/pages"}],"about":[{"href":"https:\/\/blog.jena.de\/strassenbaubeitraege\/wp-json\/wp\/v2\/types\/page"}],"author":[{"embeddable":true,"href":"https:\/\/blog.jena.de\/strassenbaubeitraege\/wp-json\/wp\/v2\/users\/12"}],"replies":[{"embeddable":true,"href":"https:\/\/blog.jena.de\/strassenbaubeitraege\/wp-json\/wp\/v2\/comments?post=2"}],"version-history":[{"count":27,"href":"https:\/\/blog.jena.de\/strassenbaubeitraege\/wp-json\/wp\/v2\/pages\/2\/revisions"}],"predecessor-version":[{"id":3223,"href":"https:\/\/blog.jena.de\/strassenbaubeitraege\/wp-json\/wp\/v2\/pages\/2\/revisions\/3223"}],"wp:featuredmedia":[{"embeddable":true,"href":"https:\/\/blog.jena.de\/strassenbaubeitraege\/wp-json\/wp\/v2\/media\/2260"}],"wp:attachment":[{"href":"https:\/\/blog.jena.de\/strassenbaubeitraege\/wp-json\/wp\/v2\/media?parent=2"}],"curies":[{"name":"wp","href":"https:\/\/api.w.org\/{rel}","templated":true}]}}