{"id":16,"date":"2014-12-18T10:49:18","date_gmt":"2014-12-18T09:49:18","guid":{"rendered":"http:\/\/blog.jena.de\/strassenbaubeitraege\/?page_id=16"},"modified":"2019-10-21T16:00:27","modified_gmt":"2019-10-21T14:00:27","slug":"downloads","status":"publish","type":"page","link":"https:\/\/blog.jena.de\/strassenbaubeitraege\/downloads\/","title":{"rendered":"Downloads"},"content":{"rendered":"<p>Hier finden Sie wichtige Unterlagen zur Beitragserhebung in Jena als Download im PDF-Format f\u00fcr private Zwecke (Bitte anklicken!):<\/p>\n<h2>Satzungen &amp; Gesetze<\/h2>\n<p><a href=\"http:\/\/blog.jena.de\/strassenbaubeitraege\/wp-content\/uploads\/sites\/11\/2014\/12\/PDF-KAJ-Logo-gross.jpg\"><img loading=\"lazy\" decoding=\"async\" class=\"alignleft wp-image-100\" src=\"http:\/\/blog.jena.de\/strassenbaubeitraege\/wp-content\/uploads\/sites\/11\/2014\/12\/PDF-KAJ-Logo-gross.jpg\" alt=\"PDF KAJ Logo gross\" width=\"145\" height=\"175\" \/><\/a><a href=\"http:\/\/blog.jena.de\/strassenbaubeitraege\/wp-content\/uploads\/sites\/11\/2014\/12\/Strassenbaubeitragssatzung-der-Stadt-Jena-SBS-2008.pdf\">Stra\u00dfenbaubeitragssatzung der Stadt Jena (SBS 2008)<\/a><a href=\"https:\/\/blog.jena.de\/strassenbaubeitraege\/wp-content\/uploads\/sites\/11\/2014\/12\/strassenbaubeitraege-downloads-auszug-aus-dem-thueringer-kommunalabgabengesetz-stand-01.07.2017.pdf\"> \u2013 <\/a><a href=\"http:\/\/blog.jena.de\/strassenbaubeitraege\/wp-content\/uploads\/sites\/11\/2014\/12\/Strassenbaubeitragssatzung-der-Stadt-Jena-SBS-2008.pdf\">[PDF-Datei]<\/a><\/p>\n<p><a href=\"https:\/\/blog.jena.de\/strassenbaubeitraege\/wp-content\/uploads\/sites\/11\/2019\/10\/strassenbaubeitraege-auszug-aus-dem-thueringer-kommunalabgabengesetz-stand-01.07.2017-31.12.2018.pdf\">Das &#8222;alte&#8220; Th\u00fcringer Kommunalabgabengesetz (Th\u00fcrKAG) bis zum 31.12.2018 in Ausz\u00fcgen \u2013 [PDF-Datei]<\/a><\/p>\n<p><a href=\"https:\/\/blog.jena.de\/strassenbaubeitraege\/wp-content\/uploads\/sites\/11\/2019\/10\/strassenbaubeitraege-auszug-aus-dem-thueringer-kommunalabgabengesetz-stand-19.10.2019.pdf\">Das neue Th\u00fcringer Kommunalabgabengesetz (Th\u00fcrKAG) in Ausz\u00fcgen \u2013 [PDF-Datei]<\/a><\/p>\n<p><a href=\"http:\/\/blog.jena.de\/strassenbaubeitraege\/wp-content\/uploads\/sites\/11\/2014\/12\/Erschlie\u00dfungsbeitragssatzung-der-Stadt-Jena-EBS.pdf\">Erschlie\u00dfungsbeitragssatzung der Stadt Jena (EBS)<\/a><a href=\"https:\/\/blog.jena.de\/strassenbaubeitraege\/wp-content\/uploads\/sites\/11\/2014\/12\/strassenbaubeitraege-downloads-auszug-aus-dem-thueringer-kommunalabgabengesetz-stand-01.07.2017.pdf\"> \u2013 <\/a><a href=\"http:\/\/blog.jena.de\/strassenbaubeitraege\/wp-content\/uploads\/sites\/11\/2014\/12\/Erschlie\u00dfungsbeitragssatzung-der-Stadt-Jena-EBS.pdf\"> [PDF-Datei]<\/a><\/p>\n<p><a href=\"https:\/\/blog.jena.de\/strassenbaubeitraege\/wp-content\/uploads\/sites\/11\/2014\/12\/Auszug-aus-dem-Baugesetzbucn-BauGB-Stand-Januar-2016.pdf\" rel=\"\">Das Baugesetzbuch (BauGB) in Ausz\u00fcgen<\/a><a href=\"https:\/\/blog.jena.de\/strassenbaubeitraege\/wp-content\/uploads\/sites\/11\/2014\/12\/strassenbaubeitraege-downloads-auszug-aus-dem-thueringer-kommunalabgabengesetz-stand-01.07.2017.pdf\"> \u2013 <\/a><a href=\"https:\/\/blog.jena.de\/strassenbaubeitraege\/wp-content\/uploads\/sites\/11\/2014\/12\/Auszug-aus-dem-Baugesetzbucn-BauGB-Stand-Januar-2016.pdf\" rel=\"\">[PDF-Datei]<\/a><\/p>\n<h2>Wichtige Aspekte der Beitragserhebung &#8211; Zusammenfassungen<\/h2>\n<p><a href=\"https:\/\/blog.jena.de\/strassenbaubeitraege\/wp-content\/uploads\/sites\/11\/2017\/04\/WIE-L%C3%84UFT-DAS-VERWALTUNGSVERFAHREN-DER-BEITRAGSERHEBUNG-AB_Stand-04_2017.pdf\"><img loading=\"lazy\" decoding=\"async\" class=\"alignleft wp-image-100\" src=\"http:\/\/blog.jena.de\/strassenbaubeitraege\/wp-content\/uploads\/sites\/11\/2014\/12\/PDF-KAJ-Logo-gross.jpg\" alt=\"PDF KAJ Logo gross\" width=\"145\" height=\"175\" \/>Wie l\u00e4uft das Verwaltungsverfahren der Beitragserhebung ab?<\/a><\/p>\n<p><a href=\"https:\/\/blog.jena.de\/strassenbaubeitraege\/wp-content\/uploads\/sites\/11\/2014\/12\/WIE-ERFOLGT-DIE-VERTEILUNG-VON-STRA\u00dfENBAUBEITR\u00c4GEN-AUF-GRUNDST\u00dcCKE-MIT-TEILEIGENTUM_Stand-04_2017.pdf\">Wie erfolgt die Verteilung von Stra\u00dfenbaubeitr\u00e4gen auf Grundst\u00fccke mit Teileigentum?<\/a><\/p>\n<p><a href=\"https:\/\/blog.jena.de\/strassenbaubeitraege\/wp-content\/uploads\/sites\/11\/2017\/04\/WELCHE-PHASEN-DER-BEITRAGSERHEBUNG-GIBT-ES_Stand-04_2017.pdf\">Welche Phasen der Beitragserhebung gibt es?<\/a><\/p>\n<p><a href=\"https:\/\/blog.jena.de\/strassenbaubeitraege\/wp-content\/uploads\/sites\/11\/2017\/04\/WIE-BILDET-SICH-EIN-ABRECHNUNGSGEBIET_Stand-04_2017.pdf\" target=\"_blank\" rel=\"noopener noreferrer\"> Wie bildet sich ein Abrechnungsgebiet?<\/a><\/p>\n<p><a href=\"https:\/\/blog.jena.de\/strassenbaubeitraege\/wp-content\/uploads\/sites\/11\/2014\/12\/WAS-IST-EIN-HINTERLIEGERGRUNDST\u00dcCK.pdf\" target=\"_blank\" rel=\"noopener noreferrer\">Was ist im Beitragsrecht ein &#8222;Hinterliegergrundst\u00fcck&#8220;?<\/a><\/p>\n<p>(Anmerkung: Diese Zusammenfassung wird momentan noch aktualisiert)<\/p>\n<h2>Sonstige wichtige Unterlagen<\/h2>\n<p><a href=\"https:\/\/blog.jena.de\/strassenbaubeitraege\/wp-content\/uploads\/sites\/11\/2017\/04\/Die-Akteneinsicht-bei-Verwaltungsverfahren-im-Kommunalabgabenrecht_Stadt-Jena.pdf\"><img loading=\"lazy\" decoding=\"async\" class=\"alignleft wp-image-100\" src=\"http:\/\/blog.jena.de\/strassenbaubeitraege\/wp-content\/uploads\/sites\/11\/2014\/12\/PDF-KAJ-Logo-gross.jpg\" alt=\"PDF KAJ Logo gross\" width=\"145\" height=\"175\" \/><\/a><\/p>\n<p><strong><a href=\"https:\/\/blog.jena.de\/strassenbaubeitraege\/wp-content\/uploads\/sites\/11\/2017\/04\/Die-Akteneinsicht-bei-Verwaltungsverfahren-im-Kommunalabgabenrecht_Stadt-Jena.pdf\">Regeln f\u00fcr die Akteneinsichtnahme<\/a><\/strong><\/p>\n<p>Bitte beachten Sie hierzu auch die <a href=\"https:\/\/www.jena.de\/fm\/694\/a02.pdf\" target=\"_blank\" rel=\"noopener noreferrer\">Verwaltungskostensatzung der Stadt Jena<\/a><\/p>\n","protected":false},"excerpt":{"rendered":"<p>Hier finden Sie wichtige Unterlagen zur Beitragserhebung in Jena als Download im PDF-Format f\u00fcr private Zwecke (Bitte anklicken!): Satzungen &amp; Gesetze Stra\u00dfenbaubeitragssatzung der&hellip;<\/p>\n","protected":false},"author":2,"featured_media":2253,"parent":0,"menu_order":4,"comment_status":"open","ping_status":"closed","template":"","meta":{"footnotes":""},"class_list":["post-16","page","type-page","status-publish","has-post-thumbnail","hentry"],"_links":{"self":[{"href":"https:\/\/blog.jena.de\/strassenbaubeitraege\/wp-json\/wp\/v2\/pages\/16","targetHints":{"allow":["GET"]}}],"collection":[{"href":"https:\/\/blog.jena.de\/strassenbaubeitraege\/wp-json\/wp\/v2\/pages"}],"about":[{"href":"https:\/\/blog.jena.de\/strassenbaubeitraege\/wp-json\/wp\/v2\/types\/page"}],"author":[{"embeddable":true,"href":"https:\/\/blog.jena.de\/strassenbaubeitraege\/wp-json\/wp\/v2\/users\/2"}],"replies":[{"embeddable":true,"href":"https:\/\/blog.jena.de\/strassenbaubeitraege\/wp-json\/wp\/v2\/comments?post=16"}],"version-history":[{"count":29,"href":"https:\/\/blog.jena.de\/strassenbaubeitraege\/wp-json\/wp\/v2\/pages\/16\/revisions"}],"predecessor-version":[{"id":3532,"href":"https:\/\/blog.jena.de\/strassenbaubeitraege\/wp-json\/wp\/v2\/pages\/16\/revisions\/3532"}],"wp:featuredmedia":[{"embeddable":true,"href":"https:\/\/blog.jena.de\/strassenbaubeitraege\/wp-json\/wp\/v2\/media\/2253"}],"wp:attachment":[{"href":"https:\/\/blog.jena.de\/strassenbaubeitraege\/wp-json\/wp\/v2\/media?parent=16"}],"curies":[{"name":"wp","href":"https:\/\/api.w.org\/{rel}","templated":true}]}}