{"id":46,"date":"2018-02-13T10:25:10","date_gmt":"2018-02-13T09:25:10","guid":{"rendered":"https:\/\/blog.jena.de\/salzundsuppe\/?page_id=46"},"modified":"2019-06-15T00:06:17","modified_gmt":"2019-06-14T22:06:17","slug":"alles-wichtige","status":"publish","type":"page","link":"https:\/\/blog.jena.de\/salzundsuppe\/das-projekt\/alles-wichtige\/","title":{"rendered":"Alles Wichtige"},"content":{"rendered":"<h2>Was ist das Ziel von Salz &amp; Suppe?<\/h2>\n<figure id=\"attachment_79\" aria-describedby=\"caption-attachment-79\" style=\"width: 900px\" class=\"wp-caption alignnone\"><img loading=\"lazy\" decoding=\"async\" id=\"longdesc-return-79\" class=\"size-large wp-image-79\" src=\"https:\/\/blog.jena.de\/salzundsuppe\/wp-content\/uploads\/sites\/23\/2018\/02\/salzundsuppe-ablauf4-1024x391.jpg\" alt=\"Dies ist das Symbolbild f\u00fcr die Kochgruppen\" width=\"900\" height=\"344\" longdesc=\"https:\/\/blog.jena.de\/salzundsuppe?longdesc=79&amp;referrer=46\" srcset=\"https:\/\/blog.jena.de\/salzundsuppe\/wp-content\/uploads\/sites\/23\/2018\/02\/salzundsuppe-ablauf4-1024x391.jpg 1024w, https:\/\/blog.jena.de\/salzundsuppe\/wp-content\/uploads\/sites\/23\/2018\/02\/salzundsuppe-ablauf4-300x115.jpg 300w, https:\/\/blog.jena.de\/salzundsuppe\/wp-content\/uploads\/sites\/23\/2018\/02\/salzundsuppe-ablauf4-768x293.jpg 768w, https:\/\/blog.jena.de\/salzundsuppe\/wp-content\/uploads\/sites\/23\/2018\/02\/salzundsuppe-ablauf4-1500x573.jpg 1500w, https:\/\/blog.jena.de\/salzundsuppe\/wp-content\/uploads\/sites\/23\/2018\/02\/salzundsuppe-ablauf4.jpg 1920w\" sizes=\"auto, (max-width: 900px) 100vw, 900px\" \/><figcaption id=\"caption-attachment-79\" class=\"wp-caption-text\">Stadt Jena<\/figcaption><\/figure>\n<p>Das Leben in Jena wird vielseitiger. Die Bewohnerschaft in den einzelnen Stadtteilen wie auch in der Gesamtstadt ver\u00e4ndert ihr Gesicht im Zuge von demografischem Wandel und dem Zuzug von Menschen zunehmend. Die Bandbreite an verschiedenen Interessen sowie die unterschiedlichen sozialen und kulturellen Hintergr\u00fcnde bringen neue Anforderungen an das Zusammenleben mit sich. Wie kann im Kontext dieser Ver\u00e4nderungen ein nachbarschaftliches Miteinander entstehen? Unserer Meinung nach durch ein Projekt wie Salz &amp; Suppe, das die Vielfalt an Sichtweisen und Erfahrungen zum Thema und damit zur Diskussion macht.<\/p>\n<p>Aktuelle Themen wie die Integration von Zuwanderern oder die Situation auf dem Wohnungsmarkt betreffen alle Gesellschaftsschichten \u2013 von Arbeitsuchenden \u00fcber Hausm\u00e4nner und -frauen bis zum Manager\/-innen. Diese Fragen bilden die Klammer, die uns Stadtbewohner zusammenbindet.<\/p>\n<p>Die Menschen tragen dazu bei, wie sie in dieser Stadt miteinander umgehen und leben m\u00f6chten. In diesem Sinne ben\u00f6tigen wir f\u00fcr eine lebendige, offene und solidarische Stadt eine neue Gespr\u00e4chskultur \u00fcber bestehende gesellschaftliche und r\u00e4umliche Grenzen hinweg.<\/p>\n<p>Das Ziel von Salz &amp; Suppe ist es, diesen Prozess zu f\u00f6rdern und die unterschiedlichsten Menschen an einen gemeinsamen Tisch zu bringen.<\/p>\n<h2>Welchen Ansatz verfolgt Salz &amp; Suppe?<\/h2>\n<figure id=\"attachment_77\" aria-describedby=\"caption-attachment-77\" style=\"width: 900px\" class=\"wp-caption alignnone\"><img loading=\"lazy\" decoding=\"async\" id=\"longdesc-return-77\" class=\"size-large wp-image-77\" src=\"https:\/\/blog.jena.de\/salzundsuppe\/wp-content\/uploads\/sites\/23\/2018\/02\/salzundsuppe-ablauf2-1024x391.jpg\" alt=\"Dies ist das Symbolbild f\u00fcr die Auswahl\" width=\"900\" height=\"344\" longdesc=\"https:\/\/blog.jena.de\/salzundsuppe?longdesc=77&amp;referrer=46\" srcset=\"https:\/\/blog.jena.de\/salzundsuppe\/wp-content\/uploads\/sites\/23\/2018\/02\/salzundsuppe-ablauf2-1024x391.jpg 1024w, https:\/\/blog.jena.de\/salzundsuppe\/wp-content\/uploads\/sites\/23\/2018\/02\/salzundsuppe-ablauf2-300x115.jpg 300w, https:\/\/blog.jena.de\/salzundsuppe\/wp-content\/uploads\/sites\/23\/2018\/02\/salzundsuppe-ablauf2-768x293.jpg 768w, https:\/\/blog.jena.de\/salzundsuppe\/wp-content\/uploads\/sites\/23\/2018\/02\/salzundsuppe-ablauf2-1500x573.jpg 1500w, https:\/\/blog.jena.de\/salzundsuppe\/wp-content\/uploads\/sites\/23\/2018\/02\/salzundsuppe-ablauf2.jpg 1920w\" sizes=\"auto, (max-width: 900px) 100vw, 900px\" \/><figcaption id=\"caption-attachment-77\" class=\"wp-caption-text\">Stadt Jena<\/figcaption><\/figure>\n<p>Salz &amp; Suppe bietet allen interessierten Jenaer\/-innen die M\u00f6glichkeit, sich mit ihrer Pers\u00f6nlichkeit und ihren individuellen Erfahrungen in den Dialog \u00fcber unsere Stadt einzubringen. Alle B\u00fcrger\/-innen k\u00f6nnen sich als Teilnehmer\/-innen ab Februar 2018 \u00fcber den <a href=\"https:\/\/blog.jena.de\/salzundsuppe\/anmeldung\/\">Projektblog<\/a> blog.jena.de\/salzundsuppe sowie \u00fcber Flyer bewerben, die an \u00f6ffentlichen Orten wie beispielsweise Stadtteilzentren oder Bibliotheken ausliegen.<\/p>\n<p>An\u00a0 insgesamt vier Kochrunden kommen jeweils sechs B\u00fcrger-\/innen zusammen, die ganz unterschiedliche gesellschaftliche Gruppen von Unternehmer\/-innen \u00fcber Gefl\u00fcchtete und Alleinerziehende bis hin zu Studierenden repr\u00e4sentieren. Neben einer Auftakt- und Abschlussveranstaltung wird in vier Runden im Juni 2018 jeweils Mittwochabends gekocht, gegessen und in entspannter Atmosph\u00e4re \u00fcber aktuelle, stadtbezogene Herausforderungen gesprochen. Einzelne Teilnehmer\/-innen laden dabei als Gastgeber zu einem Essen im privaten Rahmen ein. Die Kochgruppen erhalten eine finanzielle Unterst\u00fctzung.<\/p>\n<p>F\u00fcr die Kochgruppen stehen dabei folgende Leitthemen zur Auswahl:<\/p>\n<ul>\n<li>Integration und Zuwanderung<\/li>\n<li>(Bezahlbarer) Wohnraum<\/li>\n<li>\u00d6ffentlicher Nahverkehr<\/li>\n<li>Zusammenleben von Jung und Alt<\/li>\n<li>Familienfreundlichkeit<\/li>\n<li>Freizeit und Erholung in der Stadt<\/li>\n<li>Gesundes urbanes Leben<\/li>\n<\/ul>\n<p>\u00dcber pers\u00f6nliche Erfahrungen und individuelle Einsch\u00e4tzungen sollen diese Themen angesprochen und diskutiert werden. Lassen sich gemeinsame Positionen oder gar ganz neue L\u00f6sungsans\u00e4tze herausarbeiten? Wir sind gespannt!<\/p>\n<h2>Wann und wie lange findet Salz &amp; Suppe statt?<\/h2>\n<figure id=\"attachment_56\" aria-describedby=\"caption-attachment-56\" style=\"width: 900px\" class=\"wp-caption alignnone\"><img loading=\"lazy\" decoding=\"async\" id=\"longdesc-return-56\" class=\"size-large wp-image-56\" src=\"https:\/\/blog.jena.de\/salzundsuppe\/wp-content\/uploads\/sites\/23\/2018\/02\/salzundsuppe-ss-zeitstrahl-2018-1024x278.jpg\" alt=\"Dies ist der Zeitstrahl f\u00fcr Salz &amp; Suppe Jena\" width=\"900\" height=\"244\" longdesc=\"https:\/\/blog.jena.de\/salzundsuppe?longdesc=56&amp;referrer=46\" srcset=\"https:\/\/blog.jena.de\/salzundsuppe\/wp-content\/uploads\/sites\/23\/2018\/02\/salzundsuppe-ss-zeitstrahl-2018-1024x278.jpg 1024w, https:\/\/blog.jena.de\/salzundsuppe\/wp-content\/uploads\/sites\/23\/2018\/02\/salzundsuppe-ss-zeitstrahl-2018-300x81.jpg 300w, https:\/\/blog.jena.de\/salzundsuppe\/wp-content\/uploads\/sites\/23\/2018\/02\/salzundsuppe-ss-zeitstrahl-2018-768x209.jpg 768w, https:\/\/blog.jena.de\/salzundsuppe\/wp-content\/uploads\/sites\/23\/2018\/02\/salzundsuppe-ss-zeitstrahl-2018.jpg 1440w\" sizes=\"auto, (max-width: 900px) 100vw, 900px\" \/><figcaption id=\"caption-attachment-56\" class=\"wp-caption-text\">Stadt Jena<\/figcaption><\/figure>\n<p>Vom 19.02. bis 08.04. k\u00f6nnen sich interessierte Jenaerinnen und Jenaer zur Teilnahme an den Kochrunden <a href=\"https:\/\/blog.jena.de\/salzundsuppe\/anmeldung\/\">bewerben<\/a>. Im April finden dann sowohl das Auswahlverfahren und die Zusammenstellung der Kochgruppen als auch die Gewinnung und Schulung der Moderatorinnen und Moderatoren statt. Am 30.05. treffen sich dann Projektteam, Teilnehmende und das Moderatorenteam zur Auftaktveranstaltung. Im Juni finden die vier w\u00f6chentlichen moderierten Kochrunden statt, deren Ergebnisse im Juli ausgewertet und aufgearbeitet werden. Zur Abschlussveranstaltung am 15.08. werden die Ergebnisse allen Projektbeteiligten vorgestellt, ehe sie dem Stadtrat, dessen Aussch\u00fcssen sowie der Stadtverwaltung f\u00fcr weitere Planungs- und Entscheidungsprozesse zur Verf\u00fcgung gestellt werden.<\/p>\n<h2>Was passiert mit den Ergebnissen von Salz &amp; Suppe?<\/h2>\n<figure id=\"attachment_80\" aria-describedby=\"caption-attachment-80\" style=\"width: 900px\" class=\"wp-caption alignnone\"><img loading=\"lazy\" decoding=\"async\" id=\"longdesc-return-80\" class=\"size-large wp-image-80\" src=\"https:\/\/blog.jena.de\/salzundsuppe\/wp-content\/uploads\/sites\/23\/2018\/02\/salzundsuppe-ablauf5-1024x391.jpg\" alt=\"Dies ist das Symbolbild f\u00fcr die Abschlussveranstaltung\" width=\"900\" height=\"344\" longdesc=\"https:\/\/blog.jena.de\/salzundsuppe?longdesc=80&amp;referrer=46\" srcset=\"https:\/\/blog.jena.de\/salzundsuppe\/wp-content\/uploads\/sites\/23\/2018\/02\/salzundsuppe-ablauf5-1024x391.jpg 1024w, https:\/\/blog.jena.de\/salzundsuppe\/wp-content\/uploads\/sites\/23\/2018\/02\/salzundsuppe-ablauf5-300x115.jpg 300w, https:\/\/blog.jena.de\/salzundsuppe\/wp-content\/uploads\/sites\/23\/2018\/02\/salzundsuppe-ablauf5-768x293.jpg 768w, https:\/\/blog.jena.de\/salzundsuppe\/wp-content\/uploads\/sites\/23\/2018\/02\/salzundsuppe-ablauf5-1500x573.jpg 1500w, https:\/\/blog.jena.de\/salzundsuppe\/wp-content\/uploads\/sites\/23\/2018\/02\/salzundsuppe-ablauf5.jpg 1920w\" sizes=\"auto, (max-width: 900px) 100vw, 900px\" \/><figcaption id=\"caption-attachment-80\" class=\"wp-caption-text\">Stadt Jena<\/figcaption><\/figure>\n<p>Im Vordergrund stehen die erfolgreiche Vernetzung ganz unterschiedlicher Stadtbewohner\/-innen Jenas und die F\u00f6rderung eines gesellschafts- und stadtteil\u00fcbergreifenden Dialogs. Einen entsprechenden Prozess erfolgreich in Gang zu bringen, ist das vorrangig angestrebte Ziel von Salz &amp; Suppe.<\/p>\n<p>Die Ergebnisse, die sich aus den Kochrunden entwickeln, k\u00f6nnen so vielseitig und bunt sein, wie ihre Teilnehmer\/-innen. Es k\u00f6nnen beispielsweise gemeinsame Anforderungen formuliert, neue gesellschaftliche L\u00f6sungsans\u00e4tze entwickelt oder gar zusammen Initiativen und Aktionen angesto\u00dfen werden. Oder aber es bilden sich einfach nur pers\u00f6nliche Kontakte zwischen den Teilnehmer\/-innen \u00fcber das Projekt heraus.<\/p>\n<p>Die Gespr\u00e4chsprozesse und die daraus abgeleiteten Ergebnisse werden dokumentiert und ver\u00f6ffentlicht. Diese Dokumentation wird den Teilnehmer-\/innen zur Verf\u00fcgung gestellt und dient der Stadt Jena als Informationsgrundlage. Die Ergebnisse werden durch die Stadtverwaltung aufbereitet, in anstehende Planungsprozesse einbezogen und dar\u00fcber hinaus dem Stadtrat bzw. seinen Aussch\u00fcssen vorgestellt.<\/p>\n<h2>Wie erreiche ich das Projektteam von Salz &amp; Suppe?<\/h2>\n<figure id=\"attachment_76\" aria-describedby=\"caption-attachment-76\" style=\"width: 900px\" class=\"wp-caption alignnone\"><img loading=\"lazy\" decoding=\"async\" id=\"longdesc-return-76\" class=\"size-large wp-image-76\" src=\"https:\/\/blog.jena.de\/salzundsuppe\/wp-content\/uploads\/sites\/23\/2018\/02\/salzundsuppe-ablauf1-1024x391.jpg\" alt=\"Dies ist das Symbolbild f\u00fcr die Anmeldung\" width=\"900\" height=\"344\" longdesc=\"https:\/\/blog.jena.de\/salzundsuppe?longdesc=76&amp;referrer=46\" \/><figcaption id=\"caption-attachment-76\" class=\"wp-caption-text\">Stadt Jena<\/figcaption><\/figure>\n<p>Sie erreichen das Projektteam von Salz &amp; Suppe auf folgenden Wegen:<\/p>\n<ul>\n<li>im Internet unter <a href=\"https:\/\/blog.jena.de\/salzundsuppe\">blog.jena.de\/salzundsuppe<\/a><\/li>\n<li>per E-Mail unter salzundsuppe@jena.de<\/li>\n<li>telefonisch unter 03641-492633 bzw. 0162-2606290<\/li>\n<\/ul>\n","protected":false},"excerpt":{"rendered":"<p>Was ist das Ziel von Salz &amp; Suppe? Das Leben in Jena wird vielseitiger. Die Bewohnerschaft in den einzelnen Stadtteilen wie auch in&hellip;<\/p>\n","protected":false},"author":19,"featured_media":112,"parent":88,"menu_order":2,"comment_status":"closed","ping_status":"closed","template":"","meta":{"footnotes":""},"class_list":["post-46","page","type-page","status-publish","has-post-thumbnail","hentry"],"_links":{"self":[{"href":"https:\/\/blog.jena.de\/salzundsuppe\/wp-json\/wp\/v2\/pages\/46","targetHints":{"allow":["GET"]}}],"collection":[{"href":"https:\/\/blog.jena.de\/salzundsuppe\/wp-json\/wp\/v2\/pages"}],"about":[{"href":"https:\/\/blog.jena.de\/salzundsuppe\/wp-json\/wp\/v2\/types\/page"}],"author":[{"embeddable":true,"href":"https:\/\/blog.jena.de\/salzundsuppe\/wp-json\/wp\/v2\/users\/19"}],"replies":[{"embeddable":true,"href":"https:\/\/blog.jena.de\/salzundsuppe\/wp-json\/wp\/v2\/comments?post=46"}],"version-history":[{"count":13,"href":"https:\/\/blog.jena.de\/salzundsuppe\/wp-json\/wp\/v2\/pages\/46\/revisions"}],"predecessor-version":[{"id":196,"href":"https:\/\/blog.jena.de\/salzundsuppe\/wp-json\/wp\/v2\/pages\/46\/revisions\/196"}],"up":[{"embeddable":true,"href":"https:\/\/blog.jena.de\/salzundsuppe\/wp-json\/wp\/v2\/pages\/88"}],"wp:featuredmedia":[{"embeddable":true,"href":"https:\/\/blog.jena.de\/salzundsuppe\/wp-json\/wp\/v2\/media\/112"}],"wp:attachment":[{"href":"https:\/\/blog.jena.de\/salzundsuppe\/wp-json\/wp\/v2\/media?parent=46"}],"curies":[{"name":"wp","href":"https:\/\/api.w.org\/{rel}","templated":true}]}}