{"id":18,"date":"2015-02-17T12:35:40","date_gmt":"2015-02-17T11:35:40","guid":{"rendered":"http:\/\/blog.jena.de\/mobilitaet\/?page_id=18"},"modified":"2019-06-14T23:56:48","modified_gmt":"2019-06-14T21:56:48","slug":"downloads","status":"publish","type":"page","link":"https:\/\/blog.jena.de\/mobilitaet\/downloads\/","title":{"rendered":"Downloads"},"content":{"rendered":"<h3>&#8222;Leitlinien Mobilit\u00e4t in Jena 2030&#8220; (Endfassung, Beschluss vom 14.02.2018)<\/h3>\n<ul>\n<li><a href=\"https:\/\/blog.jena.de\/mobilitaet\/wp-content\/uploads\/sites\/12\/2018\/03\/mobilitaet-18-03-19-leitlinien-mobilitaet-in-jena-2030-finale-fassung.pdf\">Leitlinien Mobilit\u00e4t in Jena 2030<\/a><\/li>\n<\/ul>\n<h3>Beschlussvorlage &#8222;Leitlinien Mobilit\u00e4t in Jena 2030&#8220;<\/h3>\n<ul>\n<li><a href=\"https:\/\/blog.jena.de\/mobilitaet\/wp-content\/uploads\/sites\/12\/2017\/12\/mobilitaet-17-1510-bv-stadtrat-leitlinienmobilitaet2030-neu.pdf\">Beschlussvorlage f\u00fcr den Stadtrat der Stadt Jena Nr. 17\/1510-BV<\/a><\/li>\n<li><a href=\"https:\/\/blog.jena.de\/mobilitaet\/wp-content\/uploads\/sites\/12\/2017\/12\/mobilitaet-anlage-1-ll-mobilitaet-tabellen-17-1510-bv.pdf\">Anlage 1: Tabellen mit \u00c4nderungen<\/a><\/li>\n<li><a href=\"https:\/\/blog.jena.de\/mobilitaet\/wp-content\/uploads\/sites\/12\/2017\/12\/mobilitaet-anlage-2-leitlinien-mobilitaet-in-jena-2030-17-11-28.pdf\">Anlage 2: Entwurf &#8222;Leitlinien Mobilit\u00e4t in Jena 2030&#8220; <\/a><\/li>\n<\/ul>\n<h3>Synopse Handlungsziele Leitlinien Mobilit\u00e4t, Vorschlag f\u00fcr den 4. FAK, 02.05.17<\/h3>\n<ul>\n<li><a href=\"https:\/\/blog.jena.de\/mobilitaet\/wp-content\/uploads\/sites\/12\/2017\/05\/Synopse-final-1.pdf\">Synopse Handlungsziele Leitlinien Mobilit\u00e4t<\/a><\/li>\n<\/ul>\n<h3>Positionspapier des Deutschen St\u00e4dtetages &#8222;\u00d6ffentlicher Raum und Mobilit\u00e4t&#8220; vom September 2016<\/h3>\n<ul>\n<li><a href=\"https:\/\/blog.jena.de\/mobilitaet\/wp-content\/uploads\/sites\/12\/2017\/05\/Positionspapier_Oeffentlicher_Raum_Mobilitaet_DStT_Sept_2016.pdf\">&#8222;\u00d6ffentlicher Raum und Mobilit\u00e4t&#8220; DStT 09\/2016<\/a><\/li>\n<\/ul>\n<h3>Protokoll mit Anlagen 2. Facharbeitskreis &#8222;Leitlinien Mobilit\u00e4t in Jena 2030&#8220; am 19.04.16<\/h3>\n<ul>\n<li><a href=\"https:\/\/blog.jena.de\/mobilitaet\/wp-content\/uploads\/sites\/12\/2015\/02\/Protokoll_FAK_Mobilitaet_19_04_2016.pdf\">Protokoll 2. Facharbeitskreis 19.04.2016<\/a><\/li>\n<li><a href=\"https:\/\/blog.jena.de\/mobilitaet\/wp-content\/uploads\/sites\/12\/2015\/02\/A1_Langfassung_Ergeb_Meinungsrunde_FAK_190416.pdf\">Langfassung der Ergebnisse des FAK 19.04.16<\/a><\/li>\n<li><a href=\"https:\/\/blog.jena.de\/mobilitaet\/wp-content\/uploads\/sites\/12\/2015\/02\/A2_Kurzfassung_Ergeb_Meinungsrunde_FAK_190416.pdf\">Kurzfassung der Ergebnisse des FAK 19.04.16<\/a><\/li>\n<\/ul>\n<h3>Protokoll 1. Facharbeitskreis &#8222;Leitlinien Mobilit\u00e4t in Jena 2030&#8220; am 02.03.16<\/h3>\n<ul>\n<li><a href=\"https:\/\/blog.jena.de\/mobilitaet\/wp-content\/uploads\/sites\/12\/2015\/02\/160331_Doku_FAK_02032016_Webversion_end2.pdf\">Protokoll Facharbeitskreis 02.03.16 Webversion, nicht druckf\u00e4hig (660 KB)<\/a><\/li>\n<\/ul>\n<p><em><span style=\"color: #ff0000\">Hinweis:<\/span> Eine druckf\u00e4hige Version des Protokolls wird auf Anfrage per E-Mail verschickt. (Hochaufl\u00f6sende Version: 8,2 MB; Version mit mittlerer Aufl\u00f6sung: 5,3 MB)<\/em><\/p>\n<h3>Entwurf Leitlinien Mobilit\u00e4t im SEA am 10.12.15<\/h3>\n<ul>\n<li><a href=\"https:\/\/blog.jena.de\/mobilitaet\/wp-content\/uploads\/sites\/12\/2015\/12\/Leitlinien-Mobilit\u00e4t-in-Jena-2030_V-CD_15-11-30.pdf\">Entwurf der &#8222;Leitlinien Mobilit\u00e4t in Jena 2030&#8220;<\/a><\/li>\n<\/ul>\n<h3>Erste Ergebnisse des 2. Workshops am 30.9.15 (erg\u00e4nzt)<\/h3>\n<ul>\n<li><a href=\"http:\/\/blog.jena.de\/mobilitaet\/wp-content\/uploads\/sites\/12\/2015\/02\/15-09-30_WS-Auswertung_Bild.pdf\">Auswertung Punktevergabe<\/a><\/li>\n<li><a href=\"http:\/\/blog.jena.de\/mobilitaet\/wp-content\/uploads\/sites\/12\/2015\/02\/Auswertung_Bild.pdf\">Foto der Punktetabellen der Tische<\/a><\/li>\n<li><a href=\"http:\/\/blog.jena.de\/mobilitaet\/wp-content\/uploads\/sites\/12\/2015\/02\/15-09-30_Vortrag_DrWilde_Mobilitat2030Jena.pdf\">Vortrag Dr. Wilde &#8211; Einordnung der Szenarien aus wissenschaftlicher Sicht<\/a><\/li>\n<li><a href=\"http:\/\/blog.jena.de\/mobilitaet\/wp-content\/uploads\/sites\/12\/2015\/02\/Szenario_3a_DrNitzsche.pdf\">Formulierungsvorschlag f\u00fcr das Szenario 3 (a) von Dr. Nitzsche<\/a><\/li>\n<\/ul>\n<h3>Vorbereitung 2. Workshop am 30.9.15<\/h3>\n<ul>\n<li><a href=\"http:\/\/blog.jena.de\/mobilitaet\/wp-content\/uploads\/sites\/12\/2015\/09\/15-09-10-Szenarien_Workshop_September.pdf\">3 Szenarien f\u00fcr die Leitlinien Mobilit\u00e4t in Jena 2030 (PDF-Datei)<\/a><\/li>\n<\/ul>\n<h3>Vorbereitung 1. Workshop am 20.4.15<\/h3>\n<ul>\n<li><a href=\"http:\/\/blog.jena.de\/mobilitaet\/wp-content\/uploads\/sites\/12\/2015\/04\/15-04-14-Thesen-f\u00fcr-VP-Leitlinien-2030_sch_k.pdf\">9 Thesen f\u00fcr die Leitlinien Mobilit\u00e4t in Jena 2030 (PDF-Datei) <\/a><\/li>\n<\/ul>\n<h3>Vortr\u00e4ge\u00a0 der Auftaktveranstaltung vom 18. Februar 2015<\/h3>\n<ul>\n<li><a href=\"http:\/\/blog.jena.de\/mobilitaet\/wp-content\/uploads\/sites\/12\/2015\/02\/15_02_18_Prof-Ahrens_Jena_Verkehrspl_neu.pdf\">Impulsvortag zur aktuellen Verkehrsentwicklungsplanung (Vortrag Prof. Ahrens) (PDF-Datei)<\/a><\/li>\n<li><a href=\"http:\/\/blog.jena.de\/mobilitaet\/wp-content\/uploads\/sites\/12\/2015\/02\/2015-02-18_SrV2013_Jena_Liesske.pdf\">Ergebnisse des SrV f\u00fcr Jena 2013 (Vortrag Dr. Lie\u00dfke) (PDF-Datei)<\/a><\/li>\n<li><a href=\"http:\/\/blog.jena.de\/mobilitaet\/wp-content\/uploads\/sites\/12\/2015\/02\/15-02-18_Ergebnisse_Verkehr_2014_Zimmermann.pdf\">Ergebnisse_der Online-Befragung Verkehr_in Jena 2014_(Vortrag Frau Zimmermann) (PDF-Datei)<\/a><\/li>\n<\/ul>\n<h3>Verkehrsentwicklungsplan (VEP) von 2002<\/h3>\n<ul>\n<li><a href=\"http:\/\/blog.jena.de\/mobilitaet\/wp-content\/uploads\/sites\/12\/2015\/02\/VEP-2002-Kurzfassung.pdf\">VEP 2002 Kurzfassung (PDF-Datei)<\/a><\/li>\n<li><a href=\"http:\/\/blog.jena.de\/mobilitaet\/wp-content\/uploads\/sites\/12\/2015\/02\/14-09-01-Verkehrspolitische-Leitlinien-2002.pdf\">Verkehrspolitische Leitlinien 2002 (PDF-Datei)<\/a><\/li>\n<\/ul>\n<h3>Ergebnisse des SrV (System repr\u00e4sentativer Verkehrsbefragung) 2013 f\u00fcr Jena<\/h3>\n<ul>\n<li><a href=\"http:\/\/blog.jena.de\/mobilitaet\/wp-content\/uploads\/sites\/12\/2015\/02\/Jena_2_Steckbrief_2013.pdf\">Jena SrV Steckbrief_2013 (PDF-Datei)<\/a><\/li>\n<li><a href=\"http:\/\/blog.jena.de\/mobilitaet\/wp-content\/uploads\/sites\/12\/2015\/02\/Jena_5_Tabellen_2013.pdf\">Jena SrV Auswertungstabellen komplett_2013 (PDF-Datei)<\/a><\/li>\n<\/ul>\n<h3>Auswertung (Statistik) der Online-Umfrage Verkehr in Jena 2014<\/h3>\n<ul>\n<li><a href=\"http:\/\/blog.jena.de\/mobilitaet\/wp-content\/uploads\/sites\/12\/2015\/02\/14-08-21-Statistik-Umfrage-Grobauswertung.pdf\">Umfrage Verkehr 2014 Auswertung (PDF-Datei)<\/a><\/li>\n<\/ul>\n<p>&nbsp;<\/p>\n<p>&nbsp;<\/p>\n<p>&nbsp;<\/p>\n","protected":false},"excerpt":{"rendered":"<p>&#8222;Leitlinien Mobilit\u00e4t in Jena 2030&#8220; (Endfassung, Beschluss vom 14.02.2018) Leitlinien Mobilit\u00e4t in Jena 2030 Beschlussvorlage &#8222;Leitlinien Mobilit\u00e4t in Jena 2030&#8220; Beschlussvorlage f\u00fcr den&hellip;<\/p>\n","protected":false},"author":13,"featured_media":283,"parent":0,"menu_order":2,"comment_status":"closed","ping_status":"closed","template":"","meta":{"footnotes":""},"class_list":["post-18","page","type-page","status-publish","has-post-thumbnail","hentry"],"_links":{"self":[{"href":"https:\/\/blog.jena.de\/mobilitaet\/wp-json\/wp\/v2\/pages\/18","targetHints":{"allow":["GET"]}}],"collection":[{"href":"https:\/\/blog.jena.de\/mobilitaet\/wp-json\/wp\/v2\/pages"}],"about":[{"href":"https:\/\/blog.jena.de\/mobilitaet\/wp-json\/wp\/v2\/types\/page"}],"author":[{"embeddable":true,"href":"https:\/\/blog.jena.de\/mobilitaet\/wp-json\/wp\/v2\/users\/13"}],"replies":[{"embeddable":true,"href":"https:\/\/blog.jena.de\/mobilitaet\/wp-json\/wp\/v2\/comments?post=18"}],"version-history":[{"count":31,"href":"https:\/\/blog.jena.de\/mobilitaet\/wp-json\/wp\/v2\/pages\/18\/revisions"}],"predecessor-version":[{"id":323,"href":"https:\/\/blog.jena.de\/mobilitaet\/wp-json\/wp\/v2\/pages\/18\/revisions\/323"}],"wp:featuredmedia":[{"embeddable":true,"href":"https:\/\/blog.jena.de\/mobilitaet\/wp-json\/wp\/v2\/media\/283"}],"wp:attachment":[{"href":"https:\/\/blog.jena.de\/mobilitaet\/wp-json\/wp\/v2\/media?parent=18"}],"curies":[{"name":"wp","href":"https:\/\/api.w.org\/{rel}","templated":true}]}}