{"id":10,"date":"2016-03-21T09:27:29","date_gmt":"2016-03-21T08:27:29","guid":{"rendered":"https:\/\/blog.jena.de\/jena2030\/?page_id=10"},"modified":"2017-07-07T11:54:40","modified_gmt":"2017-07-07T09:54:40","slug":"downloads","status":"publish","type":"page","link":"https:\/\/blog.jena.de\/jena2030\/downloads\/","title":{"rendered":"Downloads"},"content":{"rendered":"<h2>B\u00fcrgerversammlung am 07.04.16<\/h2>\n<ul>\n<li><a href=\"https:\/\/blog.jena.de\/jena2030\/wp-content\/uploads\/sites\/18\/2016\/03\/160321_Flyerentwurf_1.-B\u00fcrgerversammlung.pdf\" rel=\"\">Einladung 7.4.2016 (PDF-Datei)<\/a><\/li>\n<li><a href=\"https:\/\/blog.jena.de\/jena2030\/wp-content\/uploads\/sites\/18\/2016\/04\/Einf\u00fchrung-und-Votingergebnisse_Drost_2016-04-07.pdf\" rel=\"\">Einf\u00fchrungsvortrag und Votingergebnisse_Drost_2016-04-07 (PDF-Datei)<\/a><\/li>\n<li><a href=\"https:\/\/blog.jena.de\/jena2030\/wp-content\/uploads\/sites\/18\/2016\/04\/R\u00fcckblick_Dr.Stutz_2016-04-07.pdf\" rel=\"\">R\u00fcckblick_Dr.Stutz_2016-04-07 (PDF-Datei)<\/a><\/li>\n<li><a href=\"https:\/\/blog.jena.de\/jena2030\/wp-content\/uploads\/sites\/18\/2016\/04\/Status-Quo_Dr.Lerm_2016-04-07.pdf\" rel=\"\">Status Quo_Dr.Lerm_2016-04-07 (PDF-Datei)<\/a><\/li>\n<li><a href=\"https:\/\/blog.jena.de\/jena2030\/wp-content\/uploads\/sites\/18\/2016\/04\/Dokumentation-B\u00fcrgerversammlung_2016-04-07.pdf\" rel=\"\">Dokumentation B\u00fcrgerversammlung_2016-04-07 (PDF-Datei)<\/a><\/li>\n<\/ul>\n<h2>1. Lenkungsrunde am 29.02.2016<\/h2>\n<ul>\n<li><a href=\"https:\/\/blog.jena.de\/jena2030\/wp-content\/uploads\/sites\/18\/2016\/03\/150229_PRO-ISEK-Lenkungsrunde-extern-2mit-\u00c4nderungen.pdf\" rel=\"\">Protokoll Lenkungsrunde<\/a><\/li>\n<li><a href=\"https:\/\/blog.jena.de\/jena2030\/wp-content\/uploads\/sites\/18\/2016\/03\/160229_Lenkungsrunde-ISEK-Jena-public-mini_1.pdf\" rel=\"\">Pr\u00e4sentation Lenkungsrunde<\/a><\/li>\n<\/ul>\n","protected":false},"excerpt":{"rendered":"<p>B\u00fcrgerversammlung am 07.04.16 Einladung 7.4.2016 (PDF-Datei) Einf\u00fchrungsvortrag und Votingergebnisse_Drost_2016-04-07 (PDF-Datei) R\u00fcckblick_Dr.Stutz_2016-04-07 (PDF-Datei) Status Quo_Dr.Lerm_2016-04-07 (PDF-Datei) Dokumentation B\u00fcrgerversammlung_2016-04-07 (PDF-Datei) 1. Lenkungsrunde am 29.02.2016 Protokoll&hellip;<\/p>\n","protected":false},"author":15,"featured_media":441,"parent":0,"menu_order":2,"comment_status":"open","ping_status":"closed","template":"","meta":{"footnotes":""},"class_list":["post-10","page","type-page","status-publish","has-post-thumbnail","hentry"],"_links":{"self":[{"href":"https:\/\/blog.jena.de\/jena2030\/wp-json\/wp\/v2\/pages\/10","targetHints":{"allow":["GET"]}}],"collection":[{"href":"https:\/\/blog.jena.de\/jena2030\/wp-json\/wp\/v2\/pages"}],"about":[{"href":"https:\/\/blog.jena.de\/jena2030\/wp-json\/wp\/v2\/types\/page"}],"author":[{"embeddable":true,"href":"https:\/\/blog.jena.de\/jena2030\/wp-json\/wp\/v2\/users\/15"}],"replies":[{"embeddable":true,"href":"https:\/\/blog.jena.de\/jena2030\/wp-json\/wp\/v2\/comments?post=10"}],"version-history":[{"count":8,"href":"https:\/\/blog.jena.de\/jena2030\/wp-json\/wp\/v2\/pages\/10\/revisions"}],"predecessor-version":[{"id":121,"href":"https:\/\/blog.jena.de\/jena2030\/wp-json\/wp\/v2\/pages\/10\/revisions\/121"}],"wp:featuredmedia":[{"embeddable":true,"href":"https:\/\/blog.jena.de\/jena2030\/wp-json\/wp\/v2\/media\/441"}],"wp:attachment":[{"href":"https:\/\/blog.jena.de\/jena2030\/wp-json\/wp\/v2\/media?parent=10"}],"curies":[{"name":"wp","href":"https:\/\/api.w.org\/{rel}","templated":true}]}}

<h2>Bürgerversammlung am 07.04.16</h2>
<ul>
<li><a href="https://blog.jena.de/jena2030/wp-content/uploads/sites/18/2016/03/160321_Flyerentwurf_1.-Bürgerversammlung.pdf" rel="">Einladung 7.4.2016 (PDF-Datei)</a></li>
<li><a href="https://blog.jena.de/jena2030/wp-content/uploads/sites/18/2016/04/Einführung-und-Votingergebnisse_Drost_2016-04-07.pdf" rel="">Einführungsvortrag und Votingergebnisse_Drost_2016-04-07 (PDF-Datei)</a></li>
<li><a href="https://blog.jena.de/jena2030/wp-content/uploads/sites/18/2016/04/Rückblick_Dr.Stutz_2016-04-07.pdf" rel="">Rückblick_Dr.Stutz_2016-04-07 (PDF-Datei)</a></li>
<li><a href="https://blog.jena.de/jena2030/wp-content/uploads/sites/18/2016/04/Status-Quo_Dr.Lerm_2016-04-07.pdf" rel="">Status Quo_Dr.Lerm_2016-04-07 (PDF-Datei)</a></li>
<li><a href="https://blog.jena.de/jena2030/wp-content/uploads/sites/18/2016/04/Dokumentation-Bürgerversammlung_2016-04-07.pdf" rel="">Dokumentation Bürgerversammlung_2016-04-07 (PDF-Datei)</a></li>
</ul>
<h2>1. Lenkungsrunde am 29.02.2016</h2>
<ul>
<li><a href="https://blog.jena.de/jena2030/wp-content/uploads/sites/18/2016/03/150229_PRO-ISEK-Lenkungsrunde-extern-2mit-Änderungen.pdf" rel="">Protokoll Lenkungsrunde</a></li>
<li><a href="https://blog.jena.de/jena2030/wp-content/uploads/sites/18/2016/03/160229_Lenkungsrunde-ISEK-Jena-public-mini_1.pdf" rel="">Präsentation Lenkungsrunde</a></li>
</ul>

<p>Bürgerversammlung am 07.04.16 Einladung 7.4.2016 (PDF-Datei) Einführungsvortrag und Votingergebnisse_Drost_2016-04-07 (PDF-Datei) Rückblick_Dr.Stutz_2016-04-07 (PDF-Datei) Status Quo_Dr.Lerm_2016-04-07 (PDF-Datei) Dokumentation Bürgerversammlung_2016-04-07 (PDF-Datei) 1. Lenkungsrunde am 29.02.2016 Protokoll&hellip;</p>
